Suppose -2*x = 5*t - 146, -73 = -x + 3*t - 0. What is the units digit of x?
3
What is the hundreds digit of 74004/63 - 3/(-9)?
1
Let f be 2/(-9) + (-2367)/(-81). Suppose 5*q + v = 167, 0 = 3*q - 4*q + 2*v + f. What is the tens digit of q?
3
Suppose 0 = 20*n - 15*n - 2120. What is the hundreds digit of n?
4
Let g be (-3)/4 + 1 + 15/4. Suppose -g*t - 3 = 3*r - 0*r, 3*t - 34 = 5*r. What is the units digit of t?
3
Let s be 7*(6/3 + -1). Suppose -5*q - i = -9, -4*i = 4*q - i - 5. Suppose -46 = -q*y - 4*k, -5*y = 2*k - s*k - 100. What is the tens digit of y?
2
Suppose 13 + 7 = 5*s. Suppose -3*y - 89 = r - 3*r, -s*y = 2*r - 96. What is the units digit of r?
6
Let g = -111 + 107. What is the tens digit of (267/2)/((-2)/g)?
6
What is the units digit of 1 + (-32901)/(-30) + (-51)/(-170)?
8
Suppose 39 = -3*o - 2*a - a, -2*o - 3*a = 21. What is the hundreds digit of (o/24)/(3/1344*-1)?
3
Let l(j) = -3*j**3 - 1. Let u be l(-1). Suppose 3*b = 2*k + 78, -12 = -6*k + 2*k. Suppose -y - 63 = -u*v, -4*v - 3*y + 113 = -b. What is the tens digit of v?
3
Let k be 11 + -7 + 4 + -3. Let b(r) = -r + 2. Let v be b(k). What is the tens digit of (-193 - -1)/v - -2?
6
Let v(o) = -5*o + 3 + 105*o**3 - 106*o**3 - 5*o - 9*o**2. Let i be v(-8). Let r = -6 + i. What is the tens digit of r?
1
Suppose 0 = 5*k - 10, -4*r - 3*k - 597 = -2283. What is the hundreds digit of r?
4
Suppose o + 26*o - 19116 = 0. What is the hundreds digit of o?
7
Suppose -11*v = 32 + 100. What is the tens digit of (4/v*-6)/((-4)/(-678))?
3
Suppose 5*z + q = 7001, 3*q + 13 = 1. What is the hundreds digit of z?
4
Let y = -1428 + 2602. What is the units digit of y?
4
Let l be 4/(8/6) + -39. Let q = l + 18. Let x = q + 19. What is the units digit of x?
1
Let z(p) = p**2 + 17*p + 29. Let l be 1 + 2*-7 - 3. What is the tens digit of z(l)?
1
Suppose 93712 = 36*v - 41720. What is the units digit of v?
2
What is the units digit of (-4 - (1 - -7))*(-2476)/16?
7
Let j(b) = -2*b**3 - 14*b**2 + 9*b - 3. What is the tens digit of j(-10)?
0
Let o(m) = 6*m + 8. Let x be o(-6). What is the units digit of (x/10 - -2)/(6/(-45))?
6
Let z be 2/3 - (-1440)/27. Suppose 12 - z = -j. What is the units digit of j?
2
Suppose 11*v - 24 = 9. Suppose -v*p - 165 = -561. What is the hundreds digit of p?
1
Let f = 187 - 79. Suppose -f = -4*l + l. What is the units digit of l?
6
Let s(k) = -3655*k**3 - 4*k**2 - 5*k - 4. What is the units digit of s(-1)?
2
Let x be (2 + -1 + 2)*-9. Let m = x - -36. What is the units digit of m?
9
Let h be (-24 + 24)*(-1 - 0). Suppose -m - 3*m + 20 = h. What is the units digit of m?
5
Let q be -3 - -2*(32 + 2). Suppose 3*k + q = 8*k. Let d = 1 + k. What is the tens digit of d?
1
Suppose -4*r + 1446 + 235 = s, 2*r - 3*s = 823. What is the tens digit of r?
1
Suppose 14*m - 3503 = 1243. What is the tens digit of m?
3
Suppose 0 = -2*s + 5*b, s - 2*b - 2*b = 0. Suppose -9 = -s*t - t. Suppose 3*r = -0*r + t, 5*y - 52 = r. What is the units digit of y?
1
Let u(h) = h**3 - 2*h**2 + 3*h - 2. Let a be u(1). Suppose -2*b - 18 + 54 = a. Suppose -b*d + 17*d + 35 = 0. What is the units digit of d?
5
Let j(t) = t**2 + 9*t - 11. Suppose -2*y = 2*v - 0*y + 28, 0 = -3*y - 15. Let p be j(v). Let k(s) = s**3 + 12*s**2 + 12*s + 16. What is the units digit of k(p)?
5
Let x(z) = -159*z**2 - 1. Let i(n) = n**3 - n**2 - 5*n + 5. Let o be i(2). Let l be x(o). Let q = -92 - l. What is the units digit of q?
8
Suppose -m + 1 = -0*m. Suppose -m - 13 = 2*v. Let z = v + 16. What is the units digit of z?
9
Let u = -19 + 24. Let f = u + 11. What is the units digit of f?
6
Suppose -v + 18 = -7. Let a = 39 + v. What is the units digit of a?
4
Let h = 21 + -16. Suppose 32 = h*j - 43. Suppose -j*p - 285 = -20*p. What is the units digit of p?
7
Suppose 0 = 4*s - b - 453 - 1380, -5*s = b - 2298. What is the units digit of s?
9
Suppose -9630 = 10*x - 20*x. What is the tens digit of x?
6
Let w be 6/(-4)*(9 - 11). Suppose w*d - 61 = 218. Suppose -2*g = j - d, 3*g - 142 = -0*g - 4*j. What is the units digit of g?
6
Let s be (-6 - (0 + -4)) + -43. Let i = 258 + s. Suppose 3*q - i = 3*v, -2*q = 2*v - 59 - 67. What is the tens digit of q?
6
Let a(l) = l**3 + 12*l**2 + 10*l + 8. Let p(t) = -6*t + 3. Let k be p(2). Let d be a(k). Suppose d = 4*q + 9. What is the units digit of q?
8
Let d(q) = -2*q**3 + 3*q**2 + 10*q - 26. Let b be d(5). Let f = b + 356. What is the units digit of f?
5
Suppose -32 = -4*i - 8. Suppose -m = m - i. What is the tens digit of (8 - 5)*10/m?
1
Suppose -j + 6*j - 675 = 0. Suppose -3*s = -0*s - j. What is the tens digit of s?
4
Suppose -p + 23 - 3 = 5*w, 0 = 2*p + w - 22. Suppose -r - p*r + 2013 = 0. What is the units digit of r?
3
Let t(n) = n**2 + 19*n + 15. Suppose -2*d - 5 = -3*i + 12, 3*i = -d - 13. Let z be t(d). What is the tens digit of (-8)/(-10)*z/(-6)?
1
Let s be (-2)/(-4)*0 + 3. Suppose h + 2 = 0, -s*v = v - 3*h - 246. Let l = v - 29. What is the tens digit of l?
3
Let f(p) = 1. Let y(r) = 10*r + 21. Let t(m) = -5*m - 11. Let n(w) = -5*t(w) - 3*y(w). Let c(d) = -4*f(d) - n(d). What is the tens digit of c(3)?
1
Suppose -z - 3057 = -4*o, 0 = -5*o - 10*z + 7*z + 3800. What is the tens digit of o?
6
Suppose 141 = 5*p + 11. Suppose -19*j = -18*j + 8. Let f = j + p. What is the tens digit of f?
1
Let v(p) = p**3 + p**2 + 3*p + 1. Suppose -2*j = 4*u + 18, -u = 2 + 1. Let s be v(j). Let k = 20 - s. What is the units digit of k?
6
What is the units digit of (-1 - -2)/(-3*(-5)/16335)?
9
Let y(v) = v**3 + 12*v**2 - v + 12. Let o be y(-12). Let h = o + 36. What is the units digit of h?
0
Let j be 38/8 + (-3)/(-12). Let m(v) = v**2 - 6*v + 5. Let r be m(j). Suppose r = -p + 16 + 7. What is the units digit of p?
3
Suppose 170 = 3*l - 5*s, 2*s - 3*s + 182 = 3*l. Let c = -17 + l. Let h = 95 - c. What is the units digit of h?
2
Suppose 3*u - 1321 = -m, 3*m - 7*m + 5339 = u. What is the units digit of m?
6
Suppose 426*p - 431*p = -255. What is the tens digit of p?
5
Let d = -17 - -16. What is the tens digit of (-1 + d)*177/(-6)?
5
Let h(j) = -j**2 - 65*j - 421. What is the units digit of h(-56)?
3
Suppose -2*d + 0 - 2 = -3*c, 4*d - c = 6. Suppose 5 = i + d. Suppose 4*z + 165 = 3*t, i*t - 21 = 5*z + 147. What is the tens digit of t?
5
Suppose -17*i + 4*d = -12*i - 1651, i = -d + 332. What is the units digit of i?
1
Suppose -2*x = -0*x - 6. What is the tens digit of (33/(-2))/((-174)/(-60) - x)?
6
Let g(u) = 35*u**2 - 30*u + 281. What is the thousands digit of g(7)?
1
Suppose 4*k - 28 = -4*r, 4*k - 10 - 9 = -r. Suppose 0 = q + r + 1. Let p = q - -15. What is the tens digit of p?
1
Let g be 2*(-2 - -241)/1. Suppose 3*q = 4*o + 386, -2*o = -q + 5*q - g. Suppose q + 26 = 4*v. What is the units digit of v?
7
Let j be (-1)/(88/87 - 1). What is the tens digit of ((-22)/33)/(1/j)?
5
Let q(n) = n + 5. Let b be q(-3). Suppose 8 = 2*o - b. What is the units digit of o?
5
Let i(f) = -2*f - 13. Let b be i(-9). Suppose 0 = b*n - 14 - 11. Let m(d) = d**2. What is the units digit of m(n)?
5
What is the units digit of ((-1)/(-1))/((-5)/(-1950))?
0
Suppose -8*u = -6*u - 8. Suppose -2*i = u*w - 101 - 47, 2*w - 2*i - 68 = 0. What is the tens digit of w?
3
Let f = -295 + 1126. What is the units digit of f?
1
Let w(c) = -c**3 - 8*c**2 + 8*c + 9. Let a be w(-9). What is the units digit of 4/a - 34/(-9)?
4
Suppose -9 = -5*b - r, -5*b + 0*r = -3*r - 13. Let u(z) = 10*z**2 - 3. What is the tens digit of u(b)?
3
Let t(f) be the second derivative of f**4/12 + f**3 + f**2 - 5*f. Let n be t(5). Suppose -3*o + 6*o - n = 0. What is the tens digit of o?
1
Let c = -1443 - -3206. What is the hundreds digit of c?
7
Let y(t) = 2*t**2 + 1. Let p be y(-1). Suppose 4*u + 8 = -3*k, p*u - 6*k = -5*k + 7. What is the tens digit of 4/((-4)/(-57)) + u?
5
Let n = 572 + -426. What is the hundreds digit of n?
1
Suppose -35*s = -28*s - 7336. What is the hundreds digit of s?
0
Let s(k) = -k - 5. Let a be s(-8). Suppose a*q = -2*q. Suppose 4*p = -5*i + 97, 5*i - 2*p + 7*p - 95 = q. What is the units digit of i?
1
Let f be 199 - 6/4*-2. Let p = -104 + f. What is the units digit of p?
8
Suppose v + 4*w = -0*v - 17, v - 4*w = 15. What is the tens digit of ((-58)/2 - v/2)*-6?
7
Let q(k) = -k**2 - k + 3. Let h be q(0). Let a = h + 3. Suppose -a = -0*z - z. What is the units digit of z?
